What is z(1)?
-9
Let g(z) = -38*z - 1125. What is g(-29)?
-23
Let d(z) = -131*z - 673. What is d(-5)?
-18
Let z(n) = 152*n - 38. Calculate z(1).
114
Let j(p) = -737*p + 13269. Calculate j(18).
3
Let h(g) = -g**3 + 27*g**2 + 111*g - 635. What is h(30)?
-5
Let w(j) = -4*j**3 - 16*j**2 + 2*j - 10. Give w(-4).
-18
Let m(o) = o**3 - 6*o**2 - 38*o + 394. What is m(-7)?
23
Let h(f) = 14*f - 90. Give h(10).
50
Let p(g) = 6*g + 12. Give p(-23).
-126
Let s(w) = -3*w**2 - 141*w - 847. Give s(-7).
-7
Let u(c) = c**3 - 13*c**2 - 135*c - 23. Determine u(-7).
-58
Let q(g) = -256*g - 2083. Calculate q(-9).
221
Let y(r) = -r**3 - 201*r**2 + 2558*r - 26. What is y(12)?
-2
Let c(k) = 591*k - 27773. Give c(47).
4
Let q(v) = -21*v - 80. Determine q(-5).
25
Let o(h) = h**3 - 128*h**2 + 631*h - 1970. What is o(123)?
-2
Let o(n) = -n**3 - 21*n**2 - 43*n - 200. Determine o(-19).
-105
Let i(y) = y**3 + 6*y**2 - 4*y - 15. Give i(-5).
30
Let y(x) = -3*x**2 + 142*x - 1442. What is y(15)?
13
Let s(r) = -103*r - 600. Give s(-6).
18
Let j(c) = -c**2 + 559*c - 38740. Determine j(81).
-22
Let c(l) = -8*l**2 - 118*l + 29. What is c(-16)?
-131
Let a(k) = -736*k - 5266. Give a(-7).
-114
Let a(v) = v**2 + 40*v + 51. What is a(-37)?
-60
Let z(g) = -g**3 - 12*g**2 + 4*g + 17. Determine z(-9).
-262
Let p(z) = -z**3 + 139*z**2 + 2482*z + 25. Give p(-16).
-7
Let v(o) = -o**3 - 37*o**2 - 74*o - 54. Calculate v(-35).
86
Let h(o) = 108*o**3 - o**2 + 4*o + 4. Give h(-1).
-109
Let y(k) = -463*k - 32885. Give y(-71).
-12
Let n(q) = q**3 + 4*q**2 - 4*q + 13. Determine n(-5).
8
Let s(q) = 5*q**2 - 119*q - 77. Give s(24).
-53
Let r(y) = -24*y + 850. Determine r(42).
-158
Let i(v) = 112*v + 2111. Give i(-19).
-17
Let h(o) = 14*o**2 + 2*o - 14. Calculate h(-5).
326
Let x(h) = 334*h + 5996. What is x(-18)?
-16
Let w(z) = -z**3 + z**2 + 25*z + 55. Calculate w(-6).
157
Let s(o) = -o**2 + 200*o - 9727. What is s(117)?
-16
Let m(a) = a**3 - 17*a**2 - 430*a - 137. Give m(31).
-13
Let r(w) = -w**2 + 82*w - 1478. Determine r(55).
7
Let b(i) = -1461*i + 17534. Give b(12).
2
Let o(k) = -k**3 + 85*k**2 + 268*k - 366. Determine o(88).
-14
Let n(b) = -b**2 - 472*b - 15701. Give n(-36).
-5
Let o(k) = -22*k**2 + 29*k + 81. Calculate o(-3).
-204
Let m(w) = -w**2 - 57*w - 785. Determine m(-31).
21
Let i(v) = v**2 + 16*v + 80. Determine i(-12).
32
Let c(l) = -28*l**2 + 116*l - 6. Give c(4).
10
Let i(s) = -s**3 - 25*s**2 + 489*s + 66. Calculate i(13).
1
Let r(f) = f**3 + 19*f**2 - 6. Give r(-19).
-6
Let k(r) = -35*r**2 + 177*r + 214. Calculate k(6).
16
Let j(i) = 9*i**2 - 8*i - 122. Calculate j(-7).
375
Let x(b) = 94*b + 356. Determine x(-4).
-20
Let c(g) = 3*g**2 + 55*g - 94. Give c(-20).
6
Let w(z) = -z**3 - 54*z**2 + 52*z - 157. Determine w(-55).
8
Let u(g) = -1101*g + 7712. Calculate u(7).
5
Let y(x) = -3*x**2 - 13*x + 50. Give y(4).
-50
Let f(n) = 22*n - 388. Calculate f(14).
-80
Let b(n) = 6*n**3 + 225*n**2 - 110*n + 142. What is b(-38)?
-10
Let k(s) = 105*s + 8400. Determine k(-80).
0
Let l(r) = r**2 - 37*r - 336. Give l(47).
134
Let r(c) = -932*c - 369996. Calculate r(-397).
8
Let d(a) = 6927*a + 6. What is d(0)?
6
Let n(z) = z**3 + 7*z**2 + 4*z - 29. Determine n(-7).
-57
Let p(t) = -t**2 - 69*t - 1007. Give p(-46).
51
Let q(s) = -2*s**2 - 10*s + 94. What is q(-9)?
22
Let x(t) = 3*t**2 + t + 351. Calculate x(0).
351
Let s(u) = -17*u**3 + 8*u**2 + 19*u - 16. Calculate s(1).
-6
Let z(y) = -8*y**2 + 20*y - 17. What is z(2)?
-9
Let j(f) = -5*f**2 - 706*f - 21441. Determine j(-97).
-4
Let i(h) = 6*h**2 - 18*h - 8. What is i(3)?
-8
Let z(o) = -2*o**3 - o**2 - 3*o + 17. What is z(3)?
-55
Let a(x) = -x**3 - 16*x**2 - 67*x - 51. Determine a(-5).
9
Let v(n) = -n**2 - 12*n + 120. Give v(6).
12
Let p(y) = -37*y**2 - 6889*y - 1305. Give p(-186).
-3
Let g(d) = -106*d - 650. What is g(-6)?
-14
Let i(z) = -13*z - 106. Calculate i(-11).
37
Let w(s) = -s**3 + 7*s**2 + 69*s + 29. Give w(13).
-88
Let o(y) = -2*y**2 + 23*y + 319. Give o(20).
-21
Let f(d) = -3*d**3 - 2*d**2 + 419*d - 830. Determine f(2).
-24
Let q(u) = u**3 + 15*u**2 + 14*u + 47. Determine q(-10).
407
Let r(h) = h**3 - 36*h**2 - 38*h + 43. Calculate r(37).
6
Let y(f) = 3*f**3 - 7*f**2 - 17*f + 58. Give y(-3).
-35
Let l(i) = 73*i + 467. Give l(-4).
175
Let g(y) = -10*y - 103. Calculate g(-9).
-13
Let r(w) = 323*w**2 - 43927*w - 140. What is r(136)?
-4
Let z(r) = -2*r**3 + 6*r**2 - 4*r + 38. Determine z(7).
-382
Let t(c) = -c**3 + 29*c**2 + 4*c + 101. Give t(29).
217
Let y(o) = -381*o + 3952. What is y(10)?
142
Let y(o) = 4*o**2 + 84*o + 319. Give y(-4).
47
Let l(r) = 59*r + 634. Give l(-12).
-74
Let q(z) = 17*z + 38. Calculate q(-3).
-13
Let a(w) = -566*w + 1693. What is a(3)?
-5
Let x(i) = i**3 + 2*i**2 - 938*i - 937. Calculate x(-1).
2
Let q(t) = 3*t - 86. Give q(22).
-20
Let v(i) = -8*i**2 - 104*i - 22. Calculate v(-13).
-22
Let k(q) = 2*q**2 - 57*q + 131. Give k(25).
-44
Let n(k) = -k**2 - 23*k + 67. Determine n(-28).
-73
Let h(y) = -90*y - 911. Determine h(-10).
-11
Let x(d) = 1022*d - 6116. Calculate x(6).
16
Let w(y) = -41*y - 2520. Calculate w(-62).
22
Let j(x) = -38*x - 623. Give j(-16).
-15
Let l(o) = 911*o - 2734. Calculate l(3).
-1
Let i(g) = g**2 - 215*g - 1092. What is i(-5)?
8
Let c(l) = 48*l**3 + l**2 - 4*l + 4. Calculate c(1).
49
Let o(z) = 28*z**2 + 484*z + 1950. Give o(-4).
462
Let k(b) = 2*b**2 + 13*b - 59. What is k(-12)?
73
Let t(n) = 75*n - 598. Calculate t(8).
2
Let r(k) = -k**2 + 9*k - 42. Determine r(15).
-132
Let q(l) = -l**2 - 35*l + 196. Give q(0).
196
Let v(g) = 62*g**2 - 1. Calculate v(2).
247
Let a(o) = 2*o**3 + 9*o**2 - 25*o - 112. What is a(-5)?
-12
Let l(x) = -1943*x + 5830. Give l(3).
1
Let x(y) = y**2 + 85*y - 4824. What is x(-124)?
12
Let v(q) = -q**2 - 64*q + 4599. Calculate v(-107).
-2
Let n(s) = s**2 + 29*s - 5. Calculate n(0).
-5
Let p(c) = -22*c - 1. Determine p(-6).
131
Let c(d) = -d**2 + 141. What is c(11)?
20
Let q(c) = 67*c + 755. What is q(-12)?
-49
Let k(o) = -2*o**3 - o**2 - 8*o + 276. What is k(0)?
276
Let i(m) = -m**2 + 18*m + 4. Calculate i(18).
4
Let z(u) = -25*u**3 + 2975*u**2 + 3*u - 341. Determine z(119).
16
Let g(m) = 13258*m - 39779. Determine g(3).
-5
Let p(s) = s**3 - 2*s**2 - 137. Determine p(0).
-137
Let a(d) = 2*d**3 - 6*d**2 - 161*d + 640. Determine a(4).
28
Let i(a) = -92*a - 1010. Determine i(-8).
-274
Let x(l) = -l**2 - 18*l - 66. Calculate x(0).
-66
Let w(k) = 204*k + 21413. Give w(-105).
-7
Let z(q) = 3*q**2 - 108*q - 228. What is z(38)?
0
Let l(r) = -197*r - 1533. Give l(-8).
43
Let f(b) = 3*b**2 + 3*b - 12. Calculate f(0).
-12
Let l(y) = y**3 + 6*y**2 - 50*y - 17. Calculate l(-10).
83
Let w(a) = a**2 + 33*a + 257. What is w(-10)?
27
Let n(z) = -54*z - 595. Calculate n(-10).
-55
Let v(u) = -31*u - 60. What is v(-2)?
2
Let r(l) = l - 74. Calculate r(22).
-52
Let h(d) = -d**3 - 20*d**2 + 2*d + 40. Determine h(-20).
0
Let h(d) = d**3 - 70*d**2 + 865*d + 55. Determine h(54).
109
Let l(q) = -15*q**2 + 178*q + 232. Determine l(13).
11
Let z(a) = -89*a + 166. What is z(1)?
77
Let l(t) = 15*t**3 - 4*t**2 - 22*t - 44. Give l(-2).
-136
Let h(q) = q**3 - 6*q**2 + 19*q - 53. Calculate h(4).
-9
Let z(r) = r**3 - 89*r**2 + 175*r - 94. Calculate z(87).
-7
Let m(s) = 76*s + 262. Determine m(-2).
110
Let v(u) = -12*u**2 + 154*u - 199. Determine v(12).
-79
Let a(x) = x**3 - 4*x**2 - 8*x - 9. What is a(6)?
15
Let y(f) = -15*f + 921. What is y(63)?
-24
Let s(u) = 229*u + 283. Calculate s(-3).
-404
Let w(g) = 38*g**2 + 3573*g + 106. Determine w(-94).
12
Let k(p) = p**2 - 26*p + 226. Give k(26).
226
Let j(l) = -6*l + 107. Calculate j(-16).
203
Let h(w) = -15*w + 375. Calculate h(10).
225
Let p(y) = -y**2 - 1626*y - 11329. What is p(-7)?
4
Let g(m) = -28*m + 244. Give g(10).
-36
Let d(b) = b**2 - 59*b + 375. Determine d(52).
11
Let l(g) = 147*g - 1921. Give l(13).
-10
Let a(i) = i**3 + 82*i**2 + 521*i - 294. Give a(-75).
6
Let q(p) = 118*p + 455. Determine q(-4).
-17
Let v(i) = i**2 + 127*i + 1730. What is v(-16)?
-46
Let z(w) = -8*w**2 - 44*w - 188. Calculate z(-6).
-212
Let b(q) = -254*q - 6359. Determine b(-25).
-9
Let z(l) = 142*l - 718. What is z(5)?
-8
Let l(k) = k**3 - 66*k**2 - 2513*k + 181. What is l(93)?
-5
Let j(p) = 14*p**3 - p**2 + 6. Give j(0).
6
Let f(y) = 3*y**2 - 8*y - 12. What is f(-3)?
39
Let